47642?
2, 7, 41, 83
List the prime factors of 7106.
2, 11, 17, 19
What are the prime factors of 58842?
2, 3, 7, 467
List the prime factors of 199.
199
List the prime factors of 4770.
2, 3, 5, 53
List the prime factors of 1154.
2, 577
List the prime factors of 1033.
1033
List the prime factors of 2454.
2, 3, 409
What are the prime factors of 3771?
3, 419
What are the prime factors of 25857?
3, 13, 17
List the prime factors of 8403.
3, 2801
List the prime factors of 1672.
2, 11, 19
List the prime factors of 12259.
13, 23, 41
What are the prime factors of 546?
2, 3, 7, 13
What are the prime factors of 6222?
2, 3, 17, 61
What are the prime factors of 8187?
3, 2729
List the prime factors of 773.
773
List the prime factors of 1467.
3, 163
What are the prime factors of 9558?
2, 3, 59
What are the prime factors of 35428?
2, 17, 521
What are the prime factors of 1415?
5, 283
What are the prime factors of 5762?
2, 43, 67
List the prime factors of 1648.
2, 103
What are the prime factors of 1829?
31, 59
List the prime factors of 572.
2, 11, 13
List the prime factors of 1066.
2, 13, 41
List the prime factors of 3298.
2, 17, 97
List the prime factors of 4976.
2, 311
List the prime factors of 11818.
2, 19, 311
What are the prime factors of 948?
2, 3, 79
List the prime factors of 10600.
2, 5, 53
List the prime factors of 14685.
3, 5, 11, 89
List the prime factors of 69223.
7, 11, 29, 31
List the prime factors of 4145.
5, 829
List the prime factors of 331.
331
What are the prime factors of 3972?
2, 3, 331
List the prime factors of 1707.
3, 569
List the prime factors of 2739.
3, 11, 83
What are the prime factors of 2967?
3, 23, 43
List the prime factors of 1820.
2, 5, 7, 13
List the prime factors of 282.
2, 3, 47
What are the prime factors of 25025?
5, 7, 11, 13
What are the prime factors of 1504?
2, 47
What are the prime factors of 27388?
2, 41, 167
List the prime factors of 1767.
3, 19, 31
List the prime factors of 5511.
3, 11, 167
List the prime factors of 1314.
2, 3, 73
What are the prime factors of 9091?
9091
List the prime factors of 16783.
13, 1291
What are the prime factors of 3105?
3, 5, 23
What are the prime factors of 2053?
2053
List the prime factors of 19028.
2, 67, 71
List the prime factors of 682.
2, 11, 31
List the prime factors of 478.
2, 239
List the prime factors of 108084.
2, 3, 9007
What are the prime factors of 87750?
2, 3, 5, 13
What are the prime factors of 178238?
2, 89119
What are the prime factors of 3252?
2, 3, 271
What are the prime factors of 28481?
19, 1499
List the prime factors of 19862.
2, 9931
List the prime factors of 1952.
2, 61
List the prime factors of 1272.
2, 3, 53
What are the prime factors of 3224?
2, 13, 31
List the prime factors of 2511.
3, 31
List the prime factors of 33100.
2, 5, 331
What are the prime factors of 82?
2, 41
List the prime factors of 7009.
43, 163
List the prime factors of 588.
2, 3, 7
What are the prime factors of 3996?
2, 3, 37
List the prime factors of 24572.
2, 6143
List the prime factors of 12563.
17, 739
List the prime factors of 9500.
2, 5, 19
What are the prime factors of 854?
2, 7, 61
What are the prime factors of 92?
2, 23
What are the prime factors of 10527?
3, 11, 29
What are the prime factors of 8562?
2, 3, 1427
List the prime factors of 31311.
3, 7, 71
List the prime factors of 6418.
2, 3209
What are the prime factors of 7128?
2, 3, 11
What are the prime factors of 11854?
2, 5927
What are the prime factors of 70433?
11, 19, 337
What are the prime factors of 7463?
17, 439
What are the prime factors of 1040?
2, 5, 13
What are the prime factors of 31692?
2, 3, 19, 139
What are the prime factors of 57966?
2, 3, 9661
What are the prime factors of 1729?
7, 13, 19
List the prime factors of 28797.
3, 29, 331
What are the prime factors of 14103?
3, 1567
List the prime factors of 71886.
2, 3, 11981
List the prime factors of 23898.
2, 3, 7, 569
What are the prime factors of 10375?
5, 83
What are the prime factors of 2052?
2, 3, 19
What are the prime factors of 17?
17
What are the prime factors of 4125?
3, 5, 11
What are the prime factors of 510?
2, 3, 5, 17
What are the prime factors of 1733?
1733
What are the prime factors of 17217?
3, 1913
What are the prime factors of 3910?
2, 5, 17, 23
List the prime factors of 10009.
10009
List the prime factors of 8974.
2, 7, 641
What are the prime factors of 3000?
2, 3, 5
What are the prime factors of 68686?
2, 61, 563
List the prime factors of 55315.
5, 13, 23, 37
What are the prime factors of 69554?
2, 83, 419
List the prime factors of 3191.
3191
List the prime factors of 14525.
5, 7, 83
List the prime factors of 1976.
2, 13, 19
What are the prime factors of 12838?
2, 7, 131
What are the prime factors of 2064?
2, 3, 43
What are the prime factors of 1728?
2, 3
What are the prime factors of 1951?
1951
What are the prime factors of 41130?
2, 3, 5, 457
List the prime factors of 4441.
4441
List the prime factors of 45212.
2, 89, 127
What are the prime factors of 167505?
3, 5, 13, 859
What are the prime factors of 733?
733
What are the prime factors of 5517?
3, 613
List the prime factors of 2371.
2371
What are the prime factors of 547?
547
What are the prime factors of 27502?
2, 13751
What are the prime factors of 20301?
3, 67, 101
List the prime factors of 436.
2, 109
What are the prime factors of 5992?
2, 7, 107
List the prime factors of 1067.
11, 97
List the prime factors of 1553.
1553
List the prime factors of 846.
2, 3, 47
List the prime factors of 80180.
2, 5, 19, 211
What are the prime factors of 8558?
2, 11, 389
List the prime factors of 110019.
3, 7, 13, 31
List the prime factors of 2365.
5, 11, 43
What are the prime factors of 19126?
2, 73, 131
What are the prime factors of 6455?
5, 1291
List the prime factors of 92524.
2, 23131
List the prime factors of 120.
2, 3, 5
What are the prime factors of 378?
2, 3, 7
What are the prime factors of 112450?
2, 5, 13, 173
What are the prime factors of 1648?
2, 103
List the prime factors of 20904.
2, 3, 13, 67
List the prime factors of 1099.
7, 157
What are the prime factors of 81?
3
What are the prime factors of 10975?
5, 439
List the prime factors of 41.
41
What are the prime factors of 1077?
3, 359
List the prime factors of 1784.
2, 223
What are the prime factors of 18535?
5, 11, 337
What are the prime factors of 2438?
2, 23, 53
What are the prime factors of 380?
2, 5, 19
List the prime factors of 69671.
7, 37, 269
What are the prime factors of 384?
2, 3
List the prime factors of 535.
5, 107
List the prime factors of 111338.
2, 179, 311
List the prime factors of 6594.
2, 3, 7, 157
What are the prime factors of 987?
3, 7, 47
What are the prime factors of 1675?
5, 67
List the prime factors of 9107.
7, 1301
What are the prime factors of 1462?
2, 17, 43
What are the prime factors of 8627?
8627
List the prime factors of 84238.
2, 7, 11, 547
What are the prime factors of 4455?
3, 5, 11
What are the prime factors of 3342?
2, 3, 557
List the prime factors of 3270.
2, 3, 5, 109
What are the prime factors of 941?
941
What are the prime factors of 3376?
2, 211
What are the prime factors of 123127?
123127
List the prime factors of 31076.
2, 17, 457
What are the prime factors of 6269?
6269
List the prime factors of 1034.
2, 11, 47
List the prime factors of 358.
2, 179
What are the prime factors of 71464?
2, 8933
What are the prime factors of 543?
3, 181
List the prime factors of 646.
2, 17, 19
What are the prime factors of 11233?
47, 239
What are the prime factors of 30707?
30707
What are the prime factors of 22659?
3, 7, 13, 83
What are the prime factors of 5738?
2, 19, 151
What are the prime factors of 58762?
2, 11, 2671
What are the prime factors of 18921?
3, 7, 17, 53
What are the prime factors of 616?
2, 7, 11
List the prime factors of 13738.
2, 6869
List the prime factors of 64049.
19, 3371
What are the prime factors of 1969?
11, 179
List the prime factors of 119629.
17, 31, 227
List the prime factors of 3455.
5, 691
List the prime factors of 10036.
2, 13, 193
List the prime factors of 904.
2, 113
List the prime factors of 12619.
12619
List the prime factors of 1494.
2, 3, 83
What are the prime factors of 239?
239
List the prime factors of 13132.
2, 7, 67
What are the prime factors of 13760?
2, 5, 43
What are the